{"id":55,"date":"2012-11-19T17:10:31","date_gmt":"2012-11-19T17:10:31","guid":{"rendered":"http:\/\/schoeneliese.de\/wordpress\/?page_id=55"},"modified":"2025-10-07T10:59:43","modified_gmt":"2025-10-07T10:59:43","slug":"werdegang-verschiedenes-material-stile-traditionell-modern-handgemacht","status":"publish","type":"page","link":"https:\/\/schoeneliese.de\/wordpress\/werdegang-verschiedenes-material-stile-traditionell-modern-handgemacht\/","title":{"rendered":"\u00dcber sch\u00f6neliese"},"content":{"rendered":"<h1>20 Jahre individuelles Schmuckdesign von sch\u00f6neliese<\/h1>\n<h1><\/h1>\n<p>Schoeneliese ist das Frankfurter Schmucklabel der Designerin Ursula Brucherseifer und steht f\u00fcr hochwertigen, handgefertigten Designschmuck mit klarer Formsprache und charaktervollen Oberfl\u00e4chen.<\/p>\n<p>Die erste Kollektion wurde im Herbst\/Winter 2001 in Frankfurt pr\u00e4sentiert \u2013 ein reines Glasperlensortiment aus eigener Herstellung. Seither ist viel passiert: \u00dcber die Jahre erweiterten ausgew\u00e4hlte Materialien wie Porzellan, Perlmutt und Halbedelsteine das kreative Spektrum \u2013 und mit ihnen wuchs auch die gestalterische Vielfalt.<\/p>\n<p>Ursula Brucherseifer studierte unter anderem an der renommierten London Jewellery School, wo sie 2013 das Art Clay Level 1 Diploma und 2015 das Diploma in Creative Jewellery mit Auszeichnung als beste Absolventin abschloss.\u00a0<a title=\"schoeneliese auf der London Jewellery School\" href=\"https:\/\/www.youtube.com\/watch?v=Fma1eP5Oa50\" target=\"_blank\" rel=\"noopener noreferrer\">Diploma in Creative Jewellery mit Auszeichnung.<\/a><\/p>\n<p>Mit dem Relaunch im Jahr 2018 fand die erste Feinsilberkollektion ihren Weg in die \u00d6ffentlichkeit \u2013 sie pr\u00e4gt seitdem das Erscheinungsbild des Labels: modern, reduziert und unverwechselbar.<\/p>\n<p>&nbsp;<\/p>\n<p style=\"text-align: center;\"><a href=\"http:\/\/schoeneliese.de\/wordpress\/wp-content\/uploads\/2012\/11\/schoeneliese-impressionen-ausbildung-in-london.jpg\"><img fetchpriority=\"high\" decoding=\"async\" src=\"http:\/\/schoeneliese.de\/wordpress\/wp-content\/uploads\/2012\/11\/schoeneliese-impressionen-ausbildung-in-london.jpg\" alt=\"schoeneliese Ausbildung und Ausstellung in London\" width=\"750\" height=\"350\" data-id=\"738\" \/><\/a><\/p>\n","protected":false},"excerpt":{"rendered":"<p>20 Jahre individuelles Schmuckdesign von sch\u00f6neliese Schoeneliese ist das Frankfurter Schmucklabel der Designerin Ursula Brucherseifer und steht f\u00fcr hochwertigen, handgefertigten Designschmuck mit klarer Formsprache und charaktervollen Oberfl\u00e4chen. Die erste Kollektion wurde im Herbst\/Winter 2001 in Frankfurt pr\u00e4sentiert \u2013 ein reines Glasperlensortiment aus eigener Herstellung. Seither ist viel passiert: \u00dcber die Jahre erweiterten ausgew\u00e4hlte Materialien wie [&hellip;]<\/p>\n","protected":false},"author":1,"featured_media":0,"parent":0,"menu_order":1,"comment_status":"closed","ping_status":"closed","template":"","meta":{"site-sidebar-layout":"default","site-content-layout":"default","ast-site-content-layout":"default","site-content-style":"default","site-sidebar-style":"default","ast-global-header-display":"","ast-banner-title-visibility":"","ast-main-header-display":"","ast-hfb-above-header-display":"","ast-hfb-below-header-display":"","ast-hfb-mobile-header-display":"","site-post-title":"","ast-breadcrumbs-content":"","ast-featured-img":"","footer-sml-layout":"","ast-disable-related-posts":"","theme-transparent-header-meta":"default","adv-header-id-meta":"","stick-header-meta":"","header-above-stick-meta":"","header-main-stick-meta":"","header-below-stick-meta":"","astra-migrate-meta-layouts":"set","ast-page-background-enabled":"default","ast-page-background-meta":{"desktop":{"background-color":"","background-image":"","background-repeat":"repeat","background-position":"center center","background-size":"auto","background-attachment":"scroll","background-type":"","background-media":"","overlay-type":"","overlay-color":"","overlay-opacity":"","overlay-gradient":""},"tablet":{"background-color":"","background-image":"","background-repeat":"repeat","background-position":"center center","background-size":"auto","background-attachment":"scroll","background-type":"","background-media":"","overlay-type":"","overlay-color":"","overlay-opacity":"","overlay-gradient":""},"mobile":{"background-color":"","background-image":"","background-repeat":"repeat","background-position":"center center","background-size":"auto","background-attachment":"scroll","background-type":"","background-media":"","overlay-type":"","overlay-color":"","overlay-opacity":"","overlay-gradient":""}},"ast-content-background-meta":{"desktop":{"background-color":"var(--ast-global-color-5)","background-image":"","background-repeat":"repeat","background-position":"center center","background-size":"auto","background-attachment":"scroll","background-type":"","background-media":"","overlay-type":"","overlay-color":"","overlay-opacity":"","overlay-gradient":""},"tablet":{"background-color":"var(--ast-global-color-5)","background-image":"","background-repeat":"repeat","background-position":"center center","background-size":"auto","background-attachment":"scroll","background-type":"","background-media":"","overlay-type":"","overlay-color":"","overlay-opacity":"","overlay-gradient":""},"mobile":{"background-color":"var(--ast-global-color-5)","background-image":"","background-repeat":"repeat","background-position":"center center","background-size":"auto","background-attachment":"scroll","background-type":"","background-media":"","overlay-type":"","overlay-color":"","overlay-opacity":"","overlay-gradient":""}},"footnotes":""},"class_list":["post-55","page","type-page","status-publish","hentry"],"yoast_head":"<!-- This site is optimized with the Yoast SEO plugin v26.7 - https:\/\/yoast.com\/wordpress\/plugins\/seo\/ -->\n<title>\u00dcber sch\u00f6neliese - schoeneliese<\/title>\n<meta name=\"description\" content=\"schoeneliese Handgemachter Schmuckdesign, limitierte Auflage oder Unikate, Frankfurter Schmucklabel, Diploma in Creative Jewellery, London Jewellery School\" \/>\n<meta name=\"robots\" content=\"index, follow, max-snippet:-1, max-image-preview:large, max-video-preview:-1\" \/>\n<link rel=\"canonical\" href=\"https:\/\/schoeneliese.de\/wordpress\/werdegang-verschiedenes-material-stile-traditionell-modern-handgemacht\/\" \/>\n<meta property=\"og:locale\" content=\"de_DE\" \/>\n<meta property=\"og:type\" content=\"article\" \/>\n<meta property=\"og:title\" content=\"\u00dcber sch\u00f6neliese - schoeneliese\" \/>\n<meta property=\"og:description\" content=\"schoeneliese Handgemachter Schmuckdesign, limitierte Auflage oder Unikate, Frankfurter Schmucklabel, Diploma in Creative Jewellery, London Jewellery School\" \/>\n<meta property=\"og:url\" content=\"https:\/\/schoeneliese.de\/wordpress\/werdegang-verschiedenes-material-stile-traditionell-modern-handgemacht\/\" \/>\n<meta property=\"og:site_name\" content=\"schoeneliese\" \/>\n<meta property=\"article:modified_time\" content=\"2025-10-07T10:59:43+00:00\" \/>\n<meta property=\"og:image\" content=\"http:\/\/schoeneliese.de\/wordpress\/wp-content\/uploads\/2012\/11\/schoeneliese-impressionen-ausbildung-in-london.jpg\" \/>\n<meta name=\"twitter:label1\" content=\"Gesch\u00e4tzte Lesezeit\" \/>\n\t<meta name=\"twitter:data1\" content=\"1\u00a0Minute\" \/>\n<script type=\"application\/ld+json\" class=\"yoast-schema-graph\">{\"@context\":\"https:\/\/schema.org\",\"@graph\":[{\"@type\":\"WebPage\",\"@id\":\"https:\/\/schoeneliese.de\/wordpress\/werdegang-verschiedenes-material-stile-traditionell-modern-handgemacht\/\",\"url\":\"https:\/\/schoeneliese.de\/wordpress\/werdegang-verschiedenes-material-stile-traditionell-modern-handgemacht\/\",\"name\":\"\u00dcber sch\u00f6neliese - schoeneliese\",\"isPartOf\":{\"@id\":\"https:\/\/schoeneliese.de\/wordpress\/#website\"},\"primaryImageOfPage\":{\"@id\":\"https:\/\/schoeneliese.de\/wordpress\/werdegang-verschiedenes-material-stile-traditionell-modern-handgemacht\/#primaryimage\"},\"image\":{\"@id\":\"https:\/\/schoeneliese.de\/wordpress\/werdegang-verschiedenes-material-stile-traditionell-modern-handgemacht\/#primaryimage\"},\"thumbnailUrl\":\"http:\/\/schoeneliese.de\/wordpress\/wp-content\/uploads\/2012\/11\/schoeneliese-impressionen-ausbildung-in-london.jpg\",\"datePublished\":\"2012-11-19T17:10:31+00:00\",\"dateModified\":\"2025-10-07T10:59:43+00:00\",\"description\":\"schoeneliese Handgemachter Schmuckdesign, limitierte Auflage oder Unikate, Frankfurter Schmucklabel, Diploma in Creative Jewellery, London Jewellery School\",\"inLanguage\":\"de\",\"potentialAction\":[{\"@type\":\"ReadAction\",\"target\":[\"https:\/\/schoeneliese.de\/wordpress\/werdegang-verschiedenes-material-stile-traditionell-modern-handgemacht\/\"]}]},{\"@type\":\"ImageObject\",\"inLanguage\":\"de\",\"@id\":\"https:\/\/schoeneliese.de\/wordpress\/werdegang-verschiedenes-material-stile-traditionell-modern-handgemacht\/#primaryimage\",\"url\":\"http:\/\/schoeneliese.de\/wordpress\/wp-content\/uploads\/2012\/11\/schoeneliese-impressionen-ausbildung-in-london.jpg\",\"contentUrl\":\"http:\/\/schoeneliese.de\/wordpress\/wp-content\/uploads\/2012\/11\/schoeneliese-impressionen-ausbildung-in-london.jpg\"},{\"@type\":\"WebSite\",\"@id\":\"https:\/\/schoeneliese.de\/wordpress\/#website\",\"url\":\"https:\/\/schoeneliese.de\/wordpress\/\",\"name\":\"schoeneliese\",\"description\":\"Handgemachter Schmuck, Halsketten, Armb\u00e4nder, Design aus Frankfurt, Schmuckdesignkurse in Frankfurt, Sch\u00f6neliese Schmuck Label\",\"potentialAction\":[{\"@type\":\"SearchAction\",\"target\":{\"@type\":\"EntryPoint\",\"urlTemplate\":\"https:\/\/schoeneliese.de\/wordpress\/?s={search_term_string}\"},\"query-input\":{\"@type\":\"PropertyValueSpecification\",\"valueRequired\":true,\"valueName\":\"search_term_string\"}}],\"inLanguage\":\"de\"}]}<\/script>\n<!-- \/ Yoast SEO plugin. -->","yoast_head_json":{"title":"\u00dcber sch\u00f6neliese - schoeneliese","description":"schoeneliese Handgemachter Schmuckdesign, limitierte Auflage oder Unikate, Frankfurter Schmucklabel, Diploma in Creative Jewellery, London Jewellery School","robots":{"index":"index","follow":"follow","max-snippet":"max-snippet:-1","max-image-preview":"max-image-preview:large","max-video-preview":"max-video-preview:-1"},"canonical":"https:\/\/schoeneliese.de\/wordpress\/werdegang-verschiedenes-material-stile-traditionell-modern-handgemacht\/","og_locale":"de_DE","og_type":"article","og_title":"\u00dcber sch\u00f6neliese - schoeneliese","og_description":"schoeneliese Handgemachter Schmuckdesign, limitierte Auflage oder Unikate, Frankfurter Schmucklabel, Diploma in Creative Jewellery, London Jewellery School","og_url":"https:\/\/schoeneliese.de\/wordpress\/werdegang-verschiedenes-material-stile-traditionell-modern-handgemacht\/","og_site_name":"schoeneliese","article_modified_time":"2025-10-07T10:59:43+00:00","og_image":[{"url":"http:\/\/schoeneliese.de\/wordpress\/wp-content\/uploads\/2012\/11\/schoeneliese-impressionen-ausbildung-in-london.jpg","type":"","width":"","height":""}],"twitter_misc":{"Gesch\u00e4tzte Lesezeit":"1\u00a0Minute"},"schema":{"@context":"https:\/\/schema.org","@graph":[{"@type":"WebPage","@id":"https:\/\/schoeneliese.de\/wordpress\/werdegang-verschiedenes-material-stile-traditionell-modern-handgemacht\/","url":"https:\/\/schoeneliese.de\/wordpress\/werdegang-verschiedenes-material-stile-traditionell-modern-handgemacht\/","name":"\u00dcber sch\u00f6neliese - schoeneliese","isPartOf":{"@id":"https:\/\/schoeneliese.de\/wordpress\/#website"},"primaryImageOfPage":{"@id":"https:\/\/schoeneliese.de\/wordpress\/werdegang-verschiedenes-material-stile-traditionell-modern-handgemacht\/#primaryimage"},"image":{"@id":"https:\/\/schoeneliese.de\/wordpress\/werdegang-verschiedenes-material-stile-traditionell-modern-handgemacht\/#primaryimage"},"thumbnailUrl":"http:\/\/schoeneliese.de\/wordpress\/wp-content\/uploads\/2012\/11\/schoeneliese-impressionen-ausbildung-in-london.jpg","datePublished":"2012-11-19T17:10:31+00:00","dateModified":"2025-10-07T10:59:43+00:00","description":"schoeneliese Handgemachter Schmuckdesign, limitierte Auflage oder Unikate, Frankfurter Schmucklabel, Diploma in Creative Jewellery, London Jewellery School","inLanguage":"de","potentialAction":[{"@type":"ReadAction","target":["https:\/\/schoeneliese.de\/wordpress\/werdegang-verschiedenes-material-stile-traditionell-modern-handgemacht\/"]}]},{"@type":"ImageObject","inLanguage":"de","@id":"https:\/\/schoeneliese.de\/wordpress\/werdegang-verschiedenes-material-stile-traditionell-modern-handgemacht\/#primaryimage","url":"http:\/\/schoeneliese.de\/wordpress\/wp-content\/uploads\/2012\/11\/schoeneliese-impressionen-ausbildung-in-london.jpg","contentUrl":"http:\/\/schoeneliese.de\/wordpress\/wp-content\/uploads\/2012\/11\/schoeneliese-impressionen-ausbildung-in-london.jpg"},{"@type":"WebSite","@id":"https:\/\/schoeneliese.de\/wordpress\/#website","url":"https:\/\/schoeneliese.de\/wordpress\/","name":"schoeneliese","description":"Handgemachter Schmuck, Halsketten, Armb\u00e4nder, Design aus Frankfurt, Schmuckdesignkurse in Frankfurt, Sch\u00f6neliese Schmuck Label","potentialAction":[{"@type":"SearchAction","target":{"@type":"EntryPoint","urlTemplate":"https:\/\/schoeneliese.de\/wordpress\/?s={search_term_string}"},"query-input":{"@type":"PropertyValueSpecification","valueRequired":true,"valueName":"search_term_string"}}],"inLanguage":"de"}]}},"_links":{"self":[{"href":"https:\/\/schoeneliese.de\/wordpress\/wp-json\/wp\/v2\/pages\/55","targetHints":{"allow":["GET"]}}],"collection":[{"href":"https:\/\/schoeneliese.de\/wordpress\/wp-json\/wp\/v2\/pages"}],"about":[{"href":"https:\/\/schoeneliese.de\/wordpress\/wp-json\/wp\/v2\/types\/page"}],"author":[{"embeddable":true,"href":"https:\/\/schoeneliese.de\/wordpress\/wp-json\/wp\/v2\/users\/1"}],"replies":[{"embeddable":true,"href":"https:\/\/schoeneliese.de\/wordpress\/wp-json\/wp\/v2\/comments?post=55"}],"version-history":[{"count":12,"href":"https:\/\/schoeneliese.de\/wordpress\/wp-json\/wp\/v2\/pages\/55\/revisions"}],"predecessor-version":[{"id":1216,"href":"https:\/\/schoeneliese.de\/wordpress\/wp-json\/wp\/v2\/pages\/55\/revisions\/1216"}],"wp:attachment":[{"href":"https:\/\/schoeneliese.de\/wordpress\/wp-json\/wp\/v2\/media?parent=55"}],"curies":[{"name":"wp","href":"https:\/\/api.w.org\/{rel}","templated":true}]}}